{"id":426,"date":"2021-05-10T10:12:26","date_gmt":"2021-05-10T13:12:26","guid":{"rendered":"https:\/\/www.unifsa.com.br\/cbcs2021\/?page_id=426"},"modified":"2021-10-04T09:51:15","modified_gmt":"2021-10-04T12:51:15","slug":"programacao-geral","status":"publish","type":"page","link":"https:\/\/www.unifsa.com.br\/cbcs2021\/programacao-geral\/","title":{"rendered":"Programa\u00e7\u00e3o Geral"},"content":{"rendered":"\n<h4 class=\"has-luminous-vivid-amber-color has-text-color wp-block-heading\"><strong>DIA 4 DE OUTUBRO<\/strong><\/h4>\n\n\n\n<p><strong>16h<\/strong><br>Exposi\u00e7\u00e3o virtual AGENDA 2030<\/p>\n\n\n\n<p><strong>17h<\/strong><br><strong>MOMENTO CULTURAL<\/strong><\/p>\n\n\n\n<p><strong>18h<\/strong><br><strong>CERIM\u00d4NIA DE ABERTURA<\/strong><br>Mesa institucional:<\/p>\n\n\n\n<ul class=\"has-white-color has-text-color wp-block-list\"><li>Profa. Yara Maria Lira Paiva e Silva | Reitora<\/li><li>Profa. Ma. Antonieta Lira e Silva | Pr\u00f3-Reitora de Ensino, Presidente do Comit\u00ea Organizador do 2\u00ba CBCS<\/li><li>Dr. \u00c1tila de Melo Lira | Pr\u00f3-reitor Administrativo e Financeiro<\/li><li>Ma. Indira Maria de Melo Lira Pereira da Silva | Coordenadora Financeira<\/li><li>Profa. Dra. Izabel Herika Gomes Matias Cronemberger | Coordenadora da P\u00f3s-gradua\u00e7\u00e3o e Representante do Comit\u00ea Organizador do 2\u00ba CBCS<\/li><\/ul>\n\n\n\n<p><strong>18h30<\/strong><br><strong>PALAVRA DE AUTORIDADE<\/strong><br>Prof. Dr. Renato Janine Ribeiro<br>Presidente da SBPC<\/p>\n\n\n\n<p><strong>19h<\/strong><br><strong>CONFER\u00caNCIA MAGNA<\/strong><br>DE PR\u00c1TICAS SOCIAIS, PODER E SEXUALIDADE EM FOUCAULT E EM BOURDIEU: O BRASIL ATUAL \u00c0 LUZ DE MICHEL FOUCAULT<br>Conferencista:<br>Prof. Dr. Durval Muniz de Albuquerque J\u00fanior<br>Universidade Estadual da Para\u00edba (UEPB)<\/p>\n\n\n\n<h4 class=\"has-luminous-vivid-amber-color has-text-color wp-block-heading\"><strong>DIA 5 DE OUTUBRO<\/strong> <\/h4>\n\n\n\n<p><strong>8h30 \u2013 10h<br>CONFER\u00caNCIA<\/strong><br>SA\u00daDE, CUIDADOS E DIREITOS: ENCONTROS ENTRE PESQUISAS, POL\u00cdTICAS E PR\u00c1TICAS<br>Conferencista:<br>Profa. Dra. Maria Paula Lehner &#8211; Universidad de Buenos Aires, Argentina<br>Moderadora:<br>Profa. Dra. Izabel Herika Gomes Matias Cronemberger (UNIFSA)<\/p>\n\n\n\n<p><strong>10h \u2013 11h30<\/strong><br>MESA VIRTUAL<br>HIST\u00d3RIAS QUE SE CRUZAM: M\u00cdDIAS, INFLU\u00caNCIAS E COMPORTAMENTO HUMANO<br>Conferencistas:<br>Proa. Me. Ikla Cavalcante<br>UNINASSAU, Pernambuco<br>Prof. Me. Artur Malheiro<br>Escola de Arte de Lisboa, Portugal<br>Moderador:<br>Prof. Dr. R\u00f4mulo Oliveira<br>UNIVISA &#8211; ABEPE (PE)<\/p>\n\n\n\n<p><strong>14h \u2013 15h30<\/strong><br>MESA VIRTUAL<br>FAKE NEWS E VULNERABILIDADE SOCIAL: UM DESAFIO PARA A INFORMA\u00c7\u00c3O SOBRE MIGRANTES<br>Conferencistas:<br>Profa. Dra. In\u00eas Amaral<br>Universidade de Coimbra, Portugal<br>Prof. Dr. Pedro Jer\u00f3nimo<br>Universidade da Beira Interior, Portugal<br>Moderadora:<br>Profa. Dra. Maribel Fidalgo<br>Universidad de Salamanca, Espanha<\/p>\n\n\n\n<p><strong>16h \u2013 17h30<br>CONFER\u00caNCIA<\/strong><br>NANOTECNOLOGIA EM NEUROCI\u00caNCIA: DA BANCADA PARA A IND\u00daSTRIA FARMAC\u00caUTICA<br>Conferencista:<br>Profa. Dra. Monique Culturato<br>Pesquisadora, University College Cork, Irlanda<br>Moderadora:<br>Profa Dra. Maria Helena R. Mesquita Britto (UNIFSA)<\/p>\n\n\n\n<p><strong>18h<br>MOMENTO CULTURAL<\/strong><br>N\u00facleo de Dan\u00e7a do UNIFSA<\/p>\n\n\n\n<p><strong>18h30 &#8211; 20h<\/strong><br>CONFER\u00caNCIA<br>NOVOS DESAFIOS DO DIREITO DE DEFESA<br>Prof. Dr. Yuri Felix<br>Pontif\u00edcia Universidade Cat\u00f3lica do Rio Grande do Sul (PUCRS)<br>Moderador:<br>Prof. Me. Marcus Vinicius do Nascimento Lima (UNIFSA)<\/p>\n\n\n\n<p><strong>20h &#8211; 21h30<br>MESA VIRTUAL<\/strong><br>A REVOLU\u00c7\u00c3O DAS ESCOLAS INOVADORAS<br>Conferencistas:<br>Prof. Dr. Thiago Almeida<br>Fundador e CEO da Rede Escola Hub<br>Prof. Me. Daniel Oliveira<br>Doutorando em Administra\u00e7\u00e3o na UFRGS \/ Egresso UNIFSA<br>Moderador:<br>Prof. Dr. Tonny Kerley\u00a0de Alencar Rodrigues (UNIFSA)<\/p>\n\n\n\n<p><strong>21h<br>LAN\u00c7AMENTO DE LIVROS<\/strong><br>Organizadoras:<br>Profa. Dra. Raquel Vilanova Ara\u00fajo<br>Profa. Dra. Marfisa Martins Mota de Moura<br><\/p>\n\n\n\n<h4 class=\"has-luminous-vivid-amber-color has-text-color wp-block-heading\"><strong>DIA 6 DE OUTUBRO<\/strong>  <\/h4>\n\n\n\n<p><strong>8h \u2013 9h30<br>MESA VIRTUAL<\/strong><br>HUMANIZA\u00c7\u00c3O NO ATENDIMENTO EM TEMPOS DE PANDEMIA<br>Conferencistas:<br>Profa. Ma. Lina Karina Bernal Ord\u00f3\u00f1ez<br>Fundaci\u00f3n Universitaria del \u00c1rea Andina<br>Corporaci\u00f3n Universitaria Alexander Von Humboldt, Col\u00f4mbia<br>Profa. Dra. Silvia Caldeira, Universidade Cat\u00f3lica Portuguesa, Portugal<br>Moderadora:<br>Profa. Ma. Tatiana Maria Melo Guimar\u00e3es (UNIFSA)<\/p>\n\n\n\n<p><strong>9h \u00e0s 12h<br>MINICURSO 1<\/strong><br>ESTRAT\u00c9GIAS NO PLANEJAMENTO FARMACOL\u00d3GICO E BIOTECNOLOGIA: APLICA\u00c7\u00d5ES EM DOEN\u00c7AS INFECCIOSAS COM \u00caNFASE NA COVID-19<br>Ministrantes:<br>Prof. Dr. Manoel Pinheiro Lucio Neto<br>Prof. Me. Adolfo Marcito Campos de Oliveira<\/p>\n\n\n\n<p><strong>9h \u00e0s 12h<br>MINICURSO 2<\/strong><br>DEVOLVENDO A EST\u00c9TICA DO SORRISO: IMPACTO SOBRE A AUTOESTIMA E INSER\u00c7\u00c3O SOCIAL DO INDIV\u00cdDUO<br>Ministrantes:<br>Prof. Dr. Greg\u00f3rio Ant\u00f4nio Soares Martins<br>Prof. Dr. Patrick Veras Quelemes<\/p>\n\n\n\n<p><strong>9h \u00e0s 12h<br>MINICURSO 3<\/strong><br>REVIS\u00c3O SISTEM\u00c1TICA DE ENSAIOS CL\u00cdNICOS RANDOMIZADOS<br>Ministrantes:<br>Prof. Dr. Nelson Jorge Carvalho Batista<br>Profa. Ma. Patricia Lima Ventura<\/p>\n\n\n\n<p><strong>14h \u2013 15h30<br>CONFER\u00caNCIA<\/strong><br>GEST\u00c3O DA SUSTENTABILIDADE NOS SISTEMAS PRODUTIVOS: UMA ABORDAGEM SOBRE A DIMENS\u00c3O ECON\u00d4MICA<br>Conferencista:<br>Prof. Dr. Vagner Cavenaghi<br>Universidade Estadual Paulista<br>Moderadora:<br>Profa. Ma. Eldelita \u00c1guida Porf\u00edrio Franco (UNIFSA)<\/p>\n\n\n\n<p><strong>15h \u00e0s 18h<br>MINICURSO 4<\/strong><br>REPRESENTA\u00c7\u00c3O GR\u00c1FICA DE DETALHES CONSTRUTIVOS E DE ACESSIBILIDADE EM AUTOCAD<br>Ministrantes:<br>Prof. Me. Igo Yossi Lima Fonseca<br>Profa. Esp. V\u00e9rika Michele de P\u00e1dua Rios Magalh\u00e3es<\/p>\n\n\n\n<p><strong>15h \u00e0s 18h<br>MINICURSO 5<\/strong><br>PROCESSO JUDICIAL ELETR\u00d4NICO<br>Ministrantes:<br>Prof. Me. Fabr\u00edcio de Farias Carvalho<br>Prof. Me. Gustavo Lu\u00eds Mendes Tupinamb\u00e1 Rodrigues<\/p>\n\n\n\n<p><strong>15h \u00e0s 18h<br>MINICURSO 6<\/strong><br>ATUA\u00c7\u00c3O PROFISSIONAL DE NUTRICIONISTAS E PROFISSIONAIS DE EDUCA\u00c7\u00c3O F\u00cdSICA EM FACE DA PANDEMIA DA COVID-19<br>Ministrantes:<br>Profa. Dra. Odara Maria de Sousa S\u00e1<br>Prof. Dr. Ant\u00f4nio Carlos Leal Cortez<\/p>\n\n\n\n<p><strong>15h \u00e0s 18h<br>MINICURSO 7<\/strong><br>PESSOAS COM DIFICULDADES DECORRENTES DO USO DE \u00c1LCOOL, CRACK E OUTRAS DROGAS E A ARTICULA\u00c7\u00c3O DE NOVAS TECNOLOGIAS NO CUIDADO EM SA\u00daDE<br>Ministrantes:<br>Prof. Dr. Emanoel Jose Batista de Lima<br>Profa. Ma. Samila Marques Le\u00e3o<\/p>\n\n\n\n<p><strong>19h \u00e0s 22h<br>MINICURSO 8<\/strong><br>DESDOBRAMENTO DOS OBJETIVOS DO DESENVOLVIMENTO SUSTENT\u00c1VEL (ODS) COM PR\u00c1TICAS TECNOL\u00d3GICAS<br>Ministrantes:<br>Prof. Me. C\u00edcero Tadeu Tavares Duarte<br>Prof. Me. Lu\u00eds Henrique dos Santos Silva Sousa<\/p>\n\n\n\n<p><strong>19h \u00e0s 22h<br>MINICURSO 9<\/strong><br>ASPECTOS \u00c9TICOS E APLICA\u00c7\u00d5ES DE FERRAMENTAS TECNOL\u00d3GICAS EM PESQUISA COM SERES HUMANOS<br>Ministrantes:<br>Prof. Me. Rhubens Ewald Moura Ribeiro<br>Profa. Ma. Keila Cristiane Batista Bezerra<\/p>\n\n\n\n<p><strong>19h \u00e0s 22h<br>MINICURSO 10<\/strong><br>GEST\u00c3O ENERG\u00c9TICA EM HABITA\u00c7\u00d5ES POPULARES: UMA AN\u00c1LISE DO CONSUMO ENERG\u00c9TICO NECESS\u00c1RIO PARA AS FASES DE FABRICA\u00c7\u00c3O DE INSUMOS, EXECU\u00c7\u00c3O DA OBRA E UTILIZA\u00c7\u00c3O DA EDIFICA\u00c7\u00c3O<br>Ministrantes:<br>Profa. Ma. Jaciara Carvalho de Sousa Oliveira<br>Prof. Me. Danilo Teixeira Mascarenhas de Andrade<\/p>\n\n\n\n<h4 class=\"has-luminous-vivid-amber-color has-text-color wp-block-heading\"><strong>DIA 7 DE OUTUBRO<\/strong><\/h4>\n\n\n\n<p><strong>8h \u00e0s 12h<br>GRUPOS TEM\u00c1TICOS<\/strong><\/p>\n\n\n\n<p><strong>14h \u00e0s 18h<br>GRUPOS TEM\u00c1TICOS<\/strong><br>Todos os detalhes est\u00e3o dispon\u00edveis em:<br>https:\/\/www.unifsa.com.br\/cbcs2021\/grupos-tematicos\/<\/p>\n\n\n\n<p><strong>18h30 \u00e0s 20h<br>CONFER\u00caNCIA DE ENCERRAMENTO<\/strong><br>COMO DIFUNDIR RESULTADOS DE PESQUISA POR MEIO DE ARTIGOS CIENT\u00cdFICOS DE ALTO IMPACTO?<br>Conferencista<br>Prof. Dr. Valtencir Zucolotto<br>Instituto de F\u00edsica de S\u00e3o Carlos da Universidade de S\u00e3o Paulo (USP)<br>Moderador:<br>Prof. Me. Robert Maur\u00edcio de Oliveira Ara\u00fajo (UNIFSA)<\/p>\n\n\n\n<p><strong>AGRADECIMENTO INSTITUCIONAL<\/strong><br>LAN\u00c7AMENTO DO 3\u00ba CBCS<\/p>\n\n\n\n<div data-wp-interactive=\"core\/file\" class=\"wp-block-file\"><object data-wp-bind--hidden=\"!state.hasPdfPreview\" hidden class=\"wp-block-file__embed\" data=\"https:\/\/www.unifsa.com.br\/cbcs2021\/wp-content\/uploads\/2021\/10\/Programacao-geral-do-2o-CBCS.pdf\" type=\"application\/pdf\" style=\"width:100%;height:600px\" aria-label=\"Incorporado de Incorporado de Programacao-geral-do-2o-CBCS..\"><\/object><a href=\"https:\/\/www.unifsa.com.br\/cbcs2021\/wp-content\/uploads\/2021\/10\/Programacao-geral-do-2o-CBCS.pdf\">Programacao-geral-do-2o-CBCS<\/a><a href=\"https:\/\/www.unifsa.com.br\/cbcs2021\/wp-content\/uploads\/2021\/10\/Programacao-geral-do-2o-CBCS.pdf\" class=\"wp-block-file__button\" download>Baixar<\/a><\/div>\n","protected":false},"excerpt":{"rendered":"<p>DIA 4 DE OUTUBRO 16hExposi\u00e7\u00e3o virtual AGENDA 2030 17hMOMENTO CULTURAL 18hCERIM\u00d4NIA DE ABERTURAMesa institucional: Profa. Yara Maria Lira Paiva e Silva | Reitora Profa. Ma. Antonieta<span class=\"excerpt-hellip\"> [\u2026]<\/span><\/p>\n","protected":false},"author":2,"featured_media":0,"parent":0,"menu_order":0,"comment_status":"closed","ping_status":"closed","template":"","meta":{"footnotes":""},"class_list":["post-426","page","type-page","status-publish","hentry"],"_links":{"self":[{"href":"https:\/\/www.unifsa.com.br\/cbcs2021\/wp-json\/wp\/v2\/pages\/426","targetHints":{"allow":["GET"]}}],"collection":[{"href":"https:\/\/www.unifsa.com.br\/cbcs2021\/wp-json\/wp\/v2\/pages"}],"about":[{"href":"https:\/\/www.unifsa.com.br\/cbcs2021\/wp-json\/wp\/v2\/types\/page"}],"author":[{"embeddable":true,"href":"https:\/\/www.unifsa.com.br\/cbcs2021\/wp-json\/wp\/v2\/users\/2"}],"replies":[{"embeddable":true,"href":"https:\/\/www.unifsa.com.br\/cbcs2021\/wp-json\/wp\/v2\/comments?post=426"}],"version-history":[{"count":20,"href":"https:\/\/www.unifsa.com.br\/cbcs2021\/wp-json\/wp\/v2\/pages\/426\/revisions"}],"predecessor-version":[{"id":746,"href":"https:\/\/www.unifsa.com.br\/cbcs2021\/wp-json\/wp\/v2\/pages\/426\/revisions\/746"}],"wp:attachment":[{"href":"https:\/\/www.unifsa.com.br\/cbcs2021\/wp-json\/wp\/v2\/media?parent=426"}],"curies":[{"name":"wp","href":"https:\/\/api.w.org\/{rel}","templated":true}]}}