{"id":138,"date":"2021-02-18T10:27:53","date_gmt":"2021-02-18T13:27:53","guid":{"rendered":"https:\/\/www.unifsa.com.br\/cbcs2021\/?page_id=138"},"modified":"2021-10-27T11:55:24","modified_gmt":"2021-10-27T14:55:24","slug":"comite-cientifico","status":"publish","type":"page","link":"https:\/\/www.unifsa.com.br\/cbcs2021\/comite-cientifico\/","title":{"rendered":"Comit\u00ea Cient\u00edfico"},"content":{"rendered":"\n<div style=\"height:50px\" aria-hidden=\"true\" class=\"wp-block-spacer\"><\/div>\n\n\n\n<p><strong>COORDENA\u00c7\u00c3O<\/strong><br><a rel=\"noreferrer noopener\" href=\"http:\/\/lattes.cnpq.br\/1713090757067566\" data-type=\"URL\" target=\"_blank\">Profa. Dra. Izabel Herika Gomes Matias Cronemberger<\/a><br><br><strong>MEMBROS<br><\/strong><a rel=\"noreferrer noopener\" href=\"http:\/\/lattes.cnpq.br\/4880694253138298\" data-type=\"URL\" data-id=\"http:\/\/lattes.cnpq.br\/4880694253138298\" target=\"_blank\">Profa. Ma. Ana Kelma Cunha Gallas<\/a><br><a rel=\"noreferrer noopener\" href=\"http:\/\/lattes.cnpq.br\/7715733828335286\" target=\"_blank\">Profa. Dra. Raquel Vilanova Ara\u00fajo<\/a><br><a rel=\"noreferrer noopener\" href=\"http:\/\/lattes.cnpq.br\/1675681459400044\" target=\"_blank\">Prof. Me. Robert Maur\u00edcio de Oliveira Ara\u00fajo<\/a><br><a rel=\"noreferrer noopener\" href=\"http:\/\/lattes.cnpq.br\/5362378723082224\" data-type=\"URL\" data-id=\"http:\/\/lattes.cnpq.br\/5362378723082224\" target=\"_blank\">Profa. Me. Karoline Costa e Silva<\/a><br><a rel=\"noreferrer noopener\" href=\"http:\/\/lattes.cnpq.br\/8256140747283328\" data-type=\"URL\" data-id=\"http:\/\/lattes.cnpq.br\/8256140747283328\" target=\"_blank\">Profa. Dra. Willyane de Andrade Alvarenga<\/a><br><a rel=\"noreferrer noopener\" href=\"http:\/\/lattes.cnpq.br\/7085158813774523\" target=\"_blank\">Profa. Dra. Marfisa Martins Mota de Moura<\/a><br><a rel=\"noreferrer noopener\" href=\"http:\/\/lattes.cnpq.br\/7445701639963510\" target=\"_blank\">Profa. Ma. Liejy Agnes dos Santos Raposo Landim<\/a><\/p>\n\n\n\n<p><strong>CONSELHO CIENT\u00cdFICO<\/strong><br><a rel=\"noreferrer noopener\" href=\"http:\/\/lattes.cnpq.br\/6002336421734300\" data-type=\"URL\" data-id=\"http:\/\/lattes.cnpq.br\/6002336421734300\" target=\"_blank\">Profa. Dra. Ana Carla Marques da Costa<\/a><br><a rel=\"noreferrer noopener\" href=\"http:\/\/lattes.cnpq.br\/1540269108470331\" data-type=\"URL\" data-id=\"http:\/\/lattes.cnpq.br\/1540269108470331\" target=\"_blank\">Profa. Dra. Ana Merc\u00eas Bahia Bock<\/a><br><a rel=\"noreferrer noopener\" href=\"http:\/\/lattes.cnpq.br\/2166615059295438\" data-type=\"URL\" data-id=\"http:\/\/lattes.cnpq.br\/2166615059295438\" target=\"_blank\">Profa. Dra. Ana Paula da Rosa<\/a><br><a rel=\"noreferrer noopener\" href=\"http:\/\/lattes.cnpq.br\/9954464327884265\" data-type=\"URL\" data-id=\"http:\/\/lattes.cnpq.br\/9954464327884265\" target=\"_blank\">Prof. Dr. Ant\u00f4nio Teixeira de Barros<\/a><br><a rel=\"noreferrer noopener\" href=\"http:\/\/lattes.cnpq.br\/3070174680163499\" data-type=\"URL\" data-id=\"http:\/\/lattes.cnpq.br\/3070174680163499\" target=\"_blank\">Prof. Me. Breno In\u00e1cio da Silva<\/a><br><a rel=\"noreferrer noopener\" href=\"http:\/\/lattes.cnpq.br\/6962057467940007\" data-type=\"URL\" data-id=\"http:\/\/lattes.cnpq.br\/6962057467940007\" target=\"_blank\">Profa. Dra. C\u00e1ssia Maria Carloto<\/a><br><a rel=\"noreferrer noopener\" href=\"http:\/\/lattes.cnpq.br\/0537823822525075\" data-type=\"URL\" data-id=\"http:\/\/lattes.cnpq.br\/0537823822525075\" target=\"_blank\">Prof. Dr. Daniel Dias Rufino Arcanjo<\/a><br><a rel=\"noreferrer noopener\" href=\"https:\/\/orcid.org\/0000-0002-8226-7504\" data-type=\"URL\" data-id=\"https:\/\/orcid.org\/0000-0002-8226-7504\" target=\"_blank\">Profa. Dra. Estrella Montes L\u00f3pez<\/a><br><a rel=\"noreferrer noopener\" href=\"http:\/\/lattes.cnpq.br\/8228129823801639\" data-type=\"URL\" data-id=\"http:\/\/lattes.cnpq.br\/8228129823801639\" target=\"_blank\">Prof. Dr. Francisco Assump\u00e7\u00e3o J\u00fanior<\/a><br><a rel=\"noreferrer noopener\" href=\"https:\/\/orcid.org\/0000-0002-1362-7406\" data-type=\"URL\" data-id=\"https:\/\/orcid.org\/0000-0002-1362-7406\" target=\"_blank\">Prof. Dr. Francisco Javier Herrero Gutierr\u00e9z<\/a><br><a rel=\"noreferrer noopener\" href=\"http:\/\/orcid.org\/0000-0002-1520-0799\" data-type=\"URL\" data-id=\"http:\/\/orcid.org\/0000-0002-1520-0799\" target=\"_blank\">Prof. Dr. Jaime Pedro Oliveira da Silva<\/a><br><a rel=\"noreferrer noopener\" href=\"https:\/\/orcid.org\/0000-0002-0229-1118\" data-type=\"URL\" data-id=\"https:\/\/orcid.org\/0000-0002-0229-1118\" target=\"_blank\">Prof. Dr. Jos\u00e9 Ignacio Aguaded Gomez<\/a><br><a rel=\"noreferrer noopener\" href=\"https:\/\/orcid.org\/0000-0001-5167-0272\" data-type=\"URL\" data-id=\"https:\/\/orcid.org\/0000-0001-5167-0272\" target=\"_blank\">Profa. Dra. Mar\u00eda Izabel Rodriguez Fidalgo<\/a><br><a rel=\"noreferrer noopener\" href=\"http:\/\/lattes.cnpq.br\/1526806853476807\" data-type=\"URL\" data-id=\"http:\/\/lattes.cnpq.br\/1526806853476807\" target=\"_blank\">Profa. Dra. Monique Culturato Padilha Mendon\u00e7a<\/a><br><a rel=\"noreferrer noopener\" href=\"http:\/\/lattes.cnpq.br\/4321446252475773\" data-type=\"URL\" data-id=\"http:\/\/lattes.cnpq.br\/4321446252475773\" target=\"_blank\">Prof. Dr. R\u00f4mulo Jose Francisco de Oliveira Junior<\/a><br><a rel=\"noreferrer noopener\" href=\"http:\/\/lattes.cnpq.br\/4190147129451754\" data-type=\"URL\" data-id=\"http:\/\/lattes.cnpq.br\/4190147129451754\" target=\"_blank\">Profa. Dra. Sally Cristina Moutinho Monteiro<\/a><br><a rel=\"noreferrer noopener\" href=\"http:\/\/lattes.cnpq.br\/8438810880127194\" data-type=\"URL\" data-id=\"http:\/\/lattes.cnpq.br\/8438810880127194\" target=\"_blank\">Profa. Dra. Solange Maria Teixeira<\/a><br><br><strong>CONSELHO CIENT\u00cdFICO<\/strong> AD HOC<br><a rel=\"noreferrer noopener\" href=\"http:\/\/lattes.cnpq.br\/6027487903066552\" data-type=\"URL\" data-id=\"http:\/\/lattes.cnpq.br\/6027487903066552\" target=\"_blank\">Profa. Dra. Amanda Furtado Mascarenhas Lustosa Lima<\/a><br><a rel=\"noreferrer noopener\" href=\"http:\/\/lattes.cnpq.br\/8209471350683161\" data-type=\"URL\" data-id=\"http:\/\/lattes.cnpq.br\/8209471350683161\" target=\"_blank\">Profa. Ma. Amanda L\u00facia Barreto Dantas<\/a><br><a rel=\"noreferrer noopener\" href=\"http:\/\/orcid.org\/0000-0002-0979-3911\" data-type=\"URL\" data-id=\"http:\/\/orcid.org\/0000-0002-0979-3911\" target=\"_blank\">Prof. Dr. Breno de Oliveira Ferreira<\/a><br><a rel=\"noreferrer noopener\" href=\"http:\/\/lattes.cnpq.br\/1110524848744634\" data-type=\"URL\" data-id=\"http:\/\/lattes.cnpq.br\/1110524848744634\" target=\"_blank\">Prof. Dr. Bryan Steve Martinez Galan<\/a><br><a rel=\"noreferrer noopener\" href=\"http:\/\/buscatextual.cnpq.br\/buscatextual\/busca.do\" data-type=\"URL\" data-id=\"http:\/\/buscatextual.cnpq.br\/buscatextual\/busca.do\" target=\"_blank\">Profa. Dra. Cassandra Maria Bastos Franco<\/a><br><a rel=\"noreferrer noopener\" href=\"http:\/\/lattes.cnpq.br\/6065657809189581\" data-type=\"URL\" data-id=\"http:\/\/lattes.cnpq.br\/6065657809189581\" target=\"_blank\">Profa. Ma. Cec\u00edlia Passos Vaz da Costa<\/a><br><a rel=\"noreferrer noopener\" href=\"http:\/\/lattes.cnpq.br\/4503273905700225\" data-type=\"URL\" data-id=\"http:\/\/lattes.cnpq.br\/4503273905700225\" target=\"_blank\">Prof. Dr. Dario Brito Cal\u00e7ada<\/a><br><a rel=\"noreferrer noopener\" href=\"http:\/\/lattes.cnpq.br\/0966899623319920\" data-type=\"URL\" data-id=\"http:\/\/lattes.cnpq.br\/0966899623319920\" target=\"_blank\">Profa. Dra. F\u00e1bia de K\u00e1ssia Mendes Viana<\/a><br><a rel=\"noreferrer noopener\" href=\"http:\/\/lattes.cnpq.br\/1556885629243172\" data-type=\"URL\" data-id=\"http:\/\/lattes.cnpq.br\/1556885629243172\" target=\"_blank\">Prof. Dr. F\u00e1bio Solon Tajra<\/a><br><a rel=\"noreferrer noopener\" href=\"http:\/\/lattes.cnpq.br\/7496031831770512\" data-type=\"URL\" data-id=\"http:\/\/lattes.cnpq.br\/7496031831770512\" target=\"_blank\">Prof. Dr. Fabricio Ibiapina Tapety<\/a><br><a rel=\"noreferrer noopener\" href=\"http:\/\/lattes.cnpq.br\/9154219626884328\" data-type=\"URL\" data-id=\"http:\/\/lattes.cnpq.br\/9154219626884328\" target=\"_blank\">Profa. Dra. Francilene Brito da Silva<\/a><br><a rel=\"noreferrer noopener\" href=\"http:\/\/lattes.cnpq.br\/8595766452722585\" data-type=\"URL\" data-id=\"http:\/\/lattes.cnpq.br\/8595766452722585\" target=\"_blank\">Prof. Dr. Francis Musa Boakari<\/a><br><a rel=\"noreferrer noopener\" href=\"http:\/\/lattes.cnpq.br\/2437385873527651\" data-type=\"URL\" data-id=\"http:\/\/lattes.cnpq.br\/2437385873527651\" target=\"_blank\">Prof. Me. Francisco Jos\u00e9 Alencar<\/a><br><a rel=\"noreferrer noopener\" href=\"http:\/\/lattes.cnpq.br\/0084315813202308\" data-type=\"URL\" data-id=\"http:\/\/lattes.cnpq.br\/0084315813202308\" target=\"_blank\">Prof. Dr. Leonardo Halley Carvalho Pimentel<\/a><br><a rel=\"noreferrer noopener\" href=\"http:\/\/lattes.cnpq.br\/7849300871291072\" data-type=\"URL\" data-id=\"http:\/\/lattes.cnpq.br\/7849300871291072\" target=\"_blank\">Prof. Me. Leonardo Sales Lima<\/a><br><a rel=\"noreferrer noopener\" href=\"http:\/\/lattes.cnpq.br\/4219536590895640\" data-type=\"URL\" data-id=\"http:\/\/lattes.cnpq.br\/4219536590895640\" target=\"_blank\">Profa. Ma. L\u00edlian Melo de Miranda<\/a><br><a rel=\"noreferrer noopener\" href=\"http:\/\/lattes.cnpq.br\/9873333364091553\" data-type=\"URL\" data-id=\"http:\/\/lattes.cnpq.br\/9873333364091553\" target=\"_blank\">Profa. Dra. Lucia da Silva Vilarinho<\/a><br><a rel=\"noreferrer noopener\" href=\"http:\/\/lattes.cnpq.br\/6181801128009373\" data-type=\"URL\" data-id=\"http:\/\/lattes.cnpq.br\/6181801128009373\" target=\"_blank\">Profa. Dra. Lucielma Salmito Soares Pinto<\/a><br><a rel=\"noreferrer noopener\" href=\"http:\/\/lattes.cnpq.br\/2902801846590648\" data-type=\"URL\" data-id=\"http:\/\/lattes.cnpq.br\/2902801846590648\" target=\"_blank\">Profa. Dra. Maria do Socorro Melo Ara\u00fajo<\/a><br><a rel=\"noreferrer noopener\" href=\"http:\/\/lattes.cnpq.br\/5870583160701292\" data-type=\"URL\" data-id=\"http:\/\/lattes.cnpq.br\/5870583160701292\" target=\"_blank\">Profa. Dra. Marli Clementino Gon\u00e7alves<\/a><br><a rel=\"noreferrer noopener\" href=\"http:\/\/lattes.cnpq.br\/5889373459156791\" data-type=\"URL\" data-id=\"http:\/\/lattes.cnpq.br\/5889373459156791\" target=\"_blank\">Profa. Ma. Michelle Vicente Torres<\/a><br><a rel=\"noreferrer noopener\" href=\"http:\/\/lattes.cnpq.br\/1383455179109141\" data-type=\"URL\" data-id=\"http:\/\/lattes.cnpq.br\/1383455179109141\" target=\"_blank\">Profa. Dra. Naiara de Moraes e Silva<\/a><br><a rel=\"noreferrer noopener\" href=\"http:\/\/lattes.cnpq.br\/1784046114911520\" data-type=\"URL\" data-id=\"http:\/\/lattes.cnpq.br\/1784046114911520\" target=\"_blank\">Prof. Dr. Reginaldo Canuto de Sousa<\/a><br><a rel=\"noreferrer noopener\" href=\"http:\/\/lattes.cnpq.br\/5972912943623242\" data-type=\"URL\" data-id=\"http:\/\/lattes.cnpq.br\/5972912943623242\" target=\"_blank\">Prof. Me. Samuel Pimentel Costa<\/a><br><a rel=\"noreferrer noopener\" href=\"http:\/\/lattes.cnpq.br\/6488900951827083\" data-type=\"URL\" data-id=\"http:\/\/lattes.cnpq.br\/6488900951827083\" target=\"_blank\">Profa. Dra. Simone da Costa e Silva Carvalho<\/a><br><a rel=\"noreferrer noopener\" href=\"http:\/\/lattes.cnpq.br\/6949447073231108\" data-type=\"URL\" data-id=\"http:\/\/lattes.cnpq.br\/6949447073231108\" target=\"_blank\">Profa. Ma. Socorro Adriana de Sousa Meneses Brand\u00e3o<\/a><br><a rel=\"noreferrer noopener\" href=\"http:\/\/lattes.cnpq.br\/9301454984951367\" data-type=\"URL\" data-id=\"http:\/\/lattes.cnpq.br\/9301454984951367\" target=\"_blank\">Prof. Dr. T\u00falio Henrique Pereira<\/a><\/p>\n\n\n\n<p><br><strong>COORDENADORES DE GTs<\/strong><\/p>\n\n\n\n<p>Prof. Dr. Alisson Dias Gomes (UNIFSA)<br>Prof. Dr. Carlos Eduardo Gon\u00e7alves Leal (UNIFSA) <br>Prof. Dr. Francisco Adalberto do Nascimento Paz <br>Prof. Dr. Joubert Aires de Sousa (UESPI)<br>Profa. Dra. Adriana Pa\u00edno Ambr\u00f3sio <br>Profa. Dra. Iracilda Alves Braga (UFPI) <br>Profa. Dra. Izabel Herika Gomes Matias Cronemberger (UNIFSA)<br>Profa. Dra. Lucila Castanheira Nascimento (EERP\/USP) <br>Profa. Dra. Maria Isabel Rodr\u00edguez Fidalgo <br>Profa. Dra. Maria Zilda Silva Soares (UNIFSA\/UESPI) <br>Profa. Dra. Nilsa Duarte da Silva Lima (UNIP-SP)<br>Profa. Dra. Patr\u00edcia Melo do Monte (UNIFSA)<br>Profa. Dra. S\u00e2mia Luiza Co\u00ealho da Silva (IESM)<br>Profa. Dra. Teresa Cristina Moura Costa (UFPI)<br>Dra. Mauric\u00e9ia L\u00edgia Neves da Costa Carneiro (PMT)<br>Ma. Daniela Fortes Neves Ibiapina<br>Ma. Nina Nunes Rodrigues Cunha<br>Prof. Me. Ant\u00f4nio de Lisboa Lopes de Ara\u00fajo (UNIFSA)<br>Prof. Me. Gorthon Lima Moritz (UNIFSA)<br>Prof. Me. K\u00e1cio Santos Silva (UNIFSA\/UESPI)<br>Prof. Me. Luis Henrique dos Santos Silva Sousa (UNIFSA)<br>Prof. Me. Ros\u00e1lia Maria Carvalho Mour\u00e3o (UNIFSA)<br>Prof. Me. Stefano Almeida Lopes (UNIFSA)<br>Prof. Me. T\u00e1ssio Mascarenhas de Carvalho (UFPI)<br>Profa. Ma. Alessandra Dale Giacomin Terra (PPGSD\/UFF)<br>Profa. Ma. Barbara Johas (UFPI)<br>Profa. Ma. Eldelita \u00c1guida Porf\u00edrio Franco (UNIFSA)<br>Profa. Ma. Jaciara Carvalho de Sousa Oliveira (UNIFSA) <br>Profa. Ma. Juliana Gomes da Silva Soares (UNIFSA)<br>Profa. Ma. Patr\u00edcia Mendes dos Santos (UNINOVAFAPI)<br>Profa. Ma. Tatiana Maria Melo Guimar\u00e3es (UNIFSA)<br>Prof. Esp. Alberto Lu\u00eds Ara\u00fajo Silva Filho (NIPP\/DOXA\/UFPI)<br><br><\/p>\n","protected":false},"excerpt":{"rendered":"<p>COORDENA\u00c7\u00c3OProfa. Dra. Izabel Herika Gomes Matias Cronemberger MEMBROSProfa. Ma. Ana Kelma Cunha GallasProfa. Dra. Raquel Vilanova Ara\u00fajoProf. Me. Robert Maur\u00edcio de Oliveira Ara\u00fajoProfa. Me. Karoline Costa<span class=\"excerpt-hellip\"> [\u2026]<\/span><\/p>\n","protected":false},"author":1,"featured_media":0,"parent":0,"menu_order":0,"comment_status":"closed","ping_status":"closed","template":"","meta":{"footnotes":""},"class_list":["post-138","page","type-page","status-publish","hentry"],"_links":{"self":[{"href":"https:\/\/www.unifsa.com.br\/cbcs2021\/wp-json\/wp\/v2\/pages\/138","targetHints":{"allow":["GET"]}}],"collection":[{"href":"https:\/\/www.unifsa.com.br\/cbcs2021\/wp-json\/wp\/v2\/pages"}],"about":[{"href":"https:\/\/www.unifsa.com.br\/cbcs2021\/wp-json\/wp\/v2\/types\/page"}],"author":[{"embeddable":true,"href":"https:\/\/www.unifsa.com.br\/cbcs2021\/wp-json\/wp\/v2\/users\/1"}],"replies":[{"embeddable":true,"href":"https:\/\/www.unifsa.com.br\/cbcs2021\/wp-json\/wp\/v2\/comments?post=138"}],"version-history":[{"count":35,"href":"https:\/\/www.unifsa.com.br\/cbcs2021\/wp-json\/wp\/v2\/pages\/138\/revisions"}],"predecessor-version":[{"id":777,"href":"https:\/\/www.unifsa.com.br\/cbcs2021\/wp-json\/wp\/v2\/pages\/138\/revisions\/777"}],"wp:attachment":[{"href":"https:\/\/www.unifsa.com.br\/cbcs2021\/wp-json\/wp\/v2\/media?parent=138"}],"curies":[{"name":"wp","href":"https:\/\/api.w.org\/{rel}","templated":true}]}}