{"id":136,"date":"2021-02-18T10:27:13","date_gmt":"2021-02-18T13:27:13","guid":{"rendered":"https:\/\/www.unifsa.com.br\/cbcs2021\/?page_id=136"},"modified":"2021-10-27T11:02:18","modified_gmt":"2021-10-27T14:02:18","slug":"comite-organizador","status":"publish","type":"page","link":"https:\/\/www.unifsa.com.br\/cbcs2021\/comite-organizador\/","title":{"rendered":"Comit\u00ea Organizador"},"content":{"rendered":"\n<div style=\"height:100px\" aria-hidden=\"true\" class=\"wp-block-spacer\"><\/div>\n\n\n\n<p><strong>PRESIDENTE DO COMIT\u00ca ORGANIZADOR<\/strong><br>Profa. Me. Antonieta Lira e Silva<br><br><strong>COORDENADOR DO COMIT\u00ca ORGANIZADOR<\/strong><br>Prof. Dr. Alisson Dias Gomes<br><br><strong>MEMBROS<\/strong><br>Profa. Dra. Izabel Herika Gomes Matias Cronemberger<br>Profa. Dra. Liana Dantas da Costa e Silva Barbosa<strong><br><\/strong>Profa. Me. Ana Kelma Cunha Gallas<br>Profa. Me. Karoline Costa e Silva<br>Prof. Me. Robert Maur\u00edcio de Oliveira Ara\u00fajo<br>Profa. Esp. Roberta Mara Ara\u00fajo Oliveira<br><br><strong>EQUIPE T\u00c9CNICA<\/strong><br>Me. Pen\u00e9lope Maria Melo e Lira<br>Esp. Polyana Fabiene Rodrigues de Sousa Alc\u00e2ntara<br>Esp. La\u00eds Maria Matos Barradas<br>Esp. Francisco Wilk Santos Leal Marques<br>Sheila Lima Cipriano Andrade<br>Odr\u00e2nio de Sousa Rocha<\/p>\n\n\n\n<p><br><br><\/p>\n","protected":false},"excerpt":{"rendered":"<p>PRESIDENTE DO COMIT\u00ca ORGANIZADORProfa. Me. Antonieta Lira e Silva COORDENADOR DO COMIT\u00ca ORGANIZADORProf. Dr. Alisson Dias Gomes MEMBROSProfa. Dra. Izabel Herika Gomes Matias CronembergerProfa. Dra. Liana<span class=\"excerpt-hellip\"> [\u2026]<\/span><\/p>\n","protected":false},"author":1,"featured_media":0,"parent":0,"menu_order":0,"comment_status":"closed","ping_status":"closed","template":"","meta":{"footnotes":""},"class_list":["post-136","page","type-page","status-publish","hentry"],"_links":{"self":[{"href":"https:\/\/www.unifsa.com.br\/cbcs2021\/wp-json\/wp\/v2\/pages\/136","targetHints":{"allow":["GET"]}}],"collection":[{"href":"https:\/\/www.unifsa.com.br\/cbcs2021\/wp-json\/wp\/v2\/pages"}],"about":[{"href":"https:\/\/www.unifsa.com.br\/cbcs2021\/wp-json\/wp\/v2\/types\/page"}],"author":[{"embeddable":true,"href":"https:\/\/www.unifsa.com.br\/cbcs2021\/wp-json\/wp\/v2\/users\/1"}],"replies":[{"embeddable":true,"href":"https:\/\/www.unifsa.com.br\/cbcs2021\/wp-json\/wp\/v2\/comments?post=136"}],"version-history":[{"count":18,"href":"https:\/\/www.unifsa.com.br\/cbcs2021\/wp-json\/wp\/v2\/pages\/136\/revisions"}],"predecessor-version":[{"id":771,"href":"https:\/\/www.unifsa.com.br\/cbcs2021\/wp-json\/wp\/v2\/pages\/136\/revisions\/771"}],"wp:attachment":[{"href":"https:\/\/www.unifsa.com.br\/cbcs2021\/wp-json\/wp\/v2\/media?parent=136"}],"curies":[{"name":"wp","href":"https:\/\/api.w.org\/{rel}","templated":true}]}}